the units digit of y?
8
Suppose -2*c = -3*c + 3. Let q be 5 - 3 - c*-1. Suppose 46 = 4*z - 2*z - t, -q*t - 110 = -5*z. What is the units digit of z?
4
Suppose 50*f - 51*f + 5 = 0. Suppose 0*i = f*i - 1405. What is the units digit of i?
1
Let t = 375 + 54. What is the units digit of t?
9
Let p = -25 - -25. Let h be 1 - 2 - (-1 - p). Suppose 5*s = o + 301, -o - 1 = -h. What is the tens digit of s?
6
Let h be (-25)/4 + 1/4. Let z be (22 + h/3)*-1. Let s = 2 - z. What is the units digit of s?
2
Suppose -2*v + 2*l - 4 = -0*l, 2*v - l = 0. Let p be 2/(2/112*v). Suppose -a + 2*q = -39, 5*q + 85 = 4*a - p. What is the tens digit of a?
2
Suppose -2320 = 8*t - 7600. What is the units digit of t?
0
Let q(i) = 95*i + 5. What is the tens digit of q(3)?
9
Let q(w) = -16*w**2 - 2*w + 1. Let g(j) = -32*j**2 - 4*j + 2. Let s = 17 + -12. Let m(v) = s*q(v) - 3*g(v). What is the units digit of m(1)?
7
Suppose 3*a + 0 = 6. Suppose 5*j = -a*k - 16, -4*k = k - 5*j + 5. What is the units digit of ((-26)/10)/(k/15)?
3
Suppose -y + 4 = 0, 5*g - y - 2584 = -2*y. Suppose 0*d + 411 = 4*m + d, 0 = 5*m - d - g. What is the hundreds digit of m?
1
Suppose 2*j + 522 - 3620 = -5*p, 4*p = j - 1575. What is the units digit of j?
9
Let n be (12/16)/(2/16). Let l be 1/(-1) + (n - 5). Suppose 20 = 4*x - l. What is the units digit of x?
5
Suppose 0*f - 4*f + 16 = 0. Suppose 15 = f*n - 29. What is the units digit of n?
1
Let p(g) = 3*g + 3. Let l be -3*(-1)/2*-2. Let s be p(l). What is the units digit of (-18)/s*3/1?
9
Suppose 0 = 136*i - 144*i + 8. What is the units digit of i?
1
Suppose 0 = -4*v + 761 + 219. Let g = 487 - v. What is the units digit of g?
2
Let j(x) = 2*x**2 + 62*x + 89. What is the units digit of j(-33)?
1
Let v be -4 + 7 - (3 - (0 - -3)). Suppose 640 = v*t + 5*m, -t - m + 193 = -21. What is the units digit of t?
5
Let b(c) = -4*c - 18. Let l be b(-5). Suppose l*r + 17 = 29. What is the units digit of r?
6
Suppose 0 = -28*j + 27*j + 2. Suppose -u + j*u - 187 = 0. What is the hundreds digit of u?
1
What is the hundreds digit of 204 - (1 + (-1)/(-1))?
2
What is the tens digit of (-33)/(-2)*(3 + (25 - -2))?
9
Let o be (-51)/(-12) + (-15)/(-20). Suppose 0 = -p + 5*x + 11 - 4, 3*p = -o*x + 21. What is the units digit of p?
7
Let u be 41 - ((-12)/(-3) - 4). Suppose -u - 25 = -n. What is the units digit of n?
6
Let z = 889 + 320. What is the units digit of z?
9
Suppose 3*u - 3268 = 4*w + 983, u - 5*w = 1428. What is the units digit of u?
3
Let y = 1408 + -1158. What is the units digit of y?
0
Let o = -49 - -37. Let n be (3 + -1 - -1) + -58. Let q = o - n. What is the units digit of q?
3
Suppose -5*m + p + 4*p - 25 = 0, 2*p - 5 = m. Let r = 96 - m. What is the hundreds digit of r?
1
Let y = 38 - 38. Suppose -241 = -4*v + v + 5*g, y = -2*v - 2*g + 150. What is the tens digit of v?
7
Let w = -53 + 114. Suppose 0 = -4*u - 12, 5*n = n - u + w. What is the tens digit of n?
1
Let o(x) = 2*x**2 - 6*x + 21. What is the units digit of o(20)?
1
Let z be (-2)/(-8) - (3 - 11/4). Suppose z = l - 0*l - 6. What is the units digit of l?
6
Suppose -8*q = 8*q - 33200. What is the hundreds digit of q?
0
Let k(v) = v**3 - 6*v**2 + 4*v - 46. What is the hundreds digit of k(10)?
3
Let x(v) = -549*v**3 + 5*v**2 + 2*v + 1. What is the tens digit of x(-1)?
5
Let y = 278 + -67. Suppose 0 = -4*p + y - 35. Let t = p + -14. What is the tens digit of t?
3
Let m(o) = o**3 - o**2 + o + 22. Let b be m(0). Suppose 5*k - 63 + 18 = 0. Let v = b - k. What is the tens digit of v?
1
Let c(y) = -y + 3. Let r be (3/(-3))/(-1) + 0. Let g = -11 - r. What is the tens digit of c(g)?
1
Let t = -237 - -162. Let a be -4 + 3 + (0 - t). Suppose 4*n - a = -4*f - f, f + 5*n = 19. What is the tens digit of f?
1
Suppose 13*a - 8*a = 10. Suppose m = a - 12. Let y(t) = t**2 + 8*t + 3. What is the units digit of y(m)?
3
Let w(g) = g**2 + 9*g + 26. What is the units digit of w(-4)?
6
Suppose 0 = -2*g - 6, -3*p + 7 = -4*p - 3*g. Suppose 4*x = 4*z - 676, -2*x = p*z - z - 172. What is the hundreds digit of z?
1
Let n(p) = -p + 4. Let r be n(4). What is the units digit of 9 - (2/(-2) - r)?
0
Let q be (-27)/(-18)*-18*1. Let o = -27 - q. Suppose o = -2*v - 10, 46 = 2*l + 4*v + 6. What is the tens digit of l?
3
Let j(a) = 5*a**2 - a - 3. Let z(b) = 16*b**2 - 3*b - 10. Let p(i) = 7*j(i) - 2*z(i). What is the units digit of p(-1)?
3
Let o(x) = x + 1. Let f be o(2). Suppose -f*q + 165 = 2*g - 66, q + 469 = 4*g. What is the hundreds digit of g?
1
Suppose -5*h - 1 - 97 = 2*l, 0 = 3*l + h + 147. Let g = 20 + l. Let d = g + 100. What is the units digit of d?
1
What is the thousands digit of 5/15*-3 + (2019 - 17)?
2
Suppose k = -5 - 24. Let g = k + 48. What is the units digit of g?
9
Let f be 7/((-21)/(-9)) + -13. What is the units digit of (-20)/(-8)*(-244)/f?
1
Let m be ((-7)/3)/(3/(-234)). Suppose 32*x - 31*x = -118. Let v = x + m. What is the tens digit of v?
6
Suppose 0 = 9*t + 41 - 113. Let q = 100 - t. What is the tens digit of q?
9
Let t = 7982 - 4440. What is the hundreds digit of t?
5
Suppose -5*a - 180 = 5*a. Let p be -38*(1 - 0) + 0. Let v = a - p. What is the units digit of v?
0
Suppose -587 + 131 = -4*w + 5*s, -2*w + s + 228 = 0. What is the units digit of w?
4
What is the units digit of (6/(-4) - -2)/(1/1474)?
7
Let k(z) = 95*z**2 + 24*z - 137. What is the tens digit of k(5)?
5
Suppose -13*y = -17*y. Suppose y*c = -3*c + 225. What is the tens digit of c?
7
Suppose 29*i - 32*i = -2040. What is the tens digit of i?
8
Let q(d) = d**2 + 14*d + 31. Suppose x = -16 - 0. What is the tens digit of q(x)?
6
Let u(z) = -28*z + 2801. What is the units digit of u(0)?
1
Suppose 3*u + 4*g = 2200, 0 = -u + 2*g + 355 + 365. What is the units digit of u?
8
Let y(f) = f**3 - 15*f**2 + 10*f - 3. Let z be y(10). Let w = z + 669. What is the units digit of w?
6
Suppose 4*x - 91 = 17. Suppose -3*b - 118 = -5*w, 4*w - 16*b - 90 = -18*b. Let z = x - w. What is the units digit of z?
4
What is the thousands digit of 588/(-98) + 4330 + 2?
4
Let p be (-6)/14 - 16/28. What is the tens digit of 1 + -2 + 10 - p?
1
Suppose 0 = 3*c - 2*k - 486, -c + 96 + 52 = 4*k. Suppose 8*g - 4*g - c = 0. What is the tens digit of g?
4
Let r = 2 + -6. Let q(z) = -77*z - 454. Let c be q(-6). What is the units digit of r/c - (-249)/6?
1
Suppose 2 - 14 = u - f, 0 = 5*u + f + 36. What is the tens digit of 4/8 + (-124)/u?
1
Suppose -1669 = -20*t - 449. What is the units digit of t?
1
Suppose -4*j - 95 + 380 = -5*t, 3*j + t - 209 = 0. Let x = j - 47. What is the units digit of x?
3
Let x(i) = 176*i**2 + 9*i - 11. What is the tens digit of x(2)?
1
Let x(f) = -f + 6. Suppose w + 1 = -3*i + 3, 2*i - 5*w + 10 = 0. Let c = i + 5. What is the units digit of x(c)?
1
Let u(m) = -75*m + 1. Let g be u(1). Let k = g - -120. What is the units digit of k?
6
Let g be (-2)/(-3) + 266/(-57). Let v(p) = -p**3 - p**2 - 9. What is the tens digit of v(g)?
3
Suppose -5*r = -757 - 193. Suppose r = 8*i - 90. What is the units digit of i?
5
Let p(q) be the first derivative of q**2 - 18*q + 9. Let u = -31 - -48. What is the tens digit of p(u)?
1
Let b = 435 - 2. What is the units digit of b?
3
Let t(p) = -5*p + 30. Let b be t(-14). Suppose b = c - 120. What is the tens digit of c?
2
Let w = -76 + 76. Suppose -4*n - 16 = -3*h, h + w*h - 4*n - 8 = 0. What is the units digit of h?
4
Suppose 4*j - 2*r = 228, -2*r = j - 3*r - 55. Suppose 0 = 2*b + 4*w + 9 - j, b + 4*w = 17. What is the units digit of b?
3
Suppose 4*a - 2*a - w = 6, -3*a + 9 = 2*w. Suppose -a*h = 2*f - 213, 5*h + 5*f - f = 357. Suppose 0 = 5*x - 61 - h. What is the tens digit of x?
2
What is the tens digit of (600/(-70))/(4/(-70))?
5
Let l be -1 + (2 - 2 - 38). Let x = -160 - -225. Let o = x + l. What is the units digit of o?
6
Suppose -4*a + 24 = 4*x, 5*x + 0*a - 4*a = 3. Let v be (-100)/30*x/(-2). Suppose 4*s - f = s + 88, 0 = v*s - 3*f - 140. What is the units digit of s?
1
Suppose -5 = -w - 29. Let n = w - -56. Suppose -5*i = -n - 83. What is the units digit of i?
3
Suppose 100 = -3*u + 7*u. Suppose u = -5*w, -w = 5*a + w - 965. What is the tens digit of a?
9
Let w = 3 + -6. Let s = -86 - -16. Let g = w - s. What is the tens digit of g?
6
What is the tens digit of (-546 + -5)*(-10 + 8) + 2?
0
Let t be (17 - 7)/((-4)/(-2)). Suppose 0 = t*g 